{"id":31,"date":"2014-01-25T12:38:54","date_gmt":"2014-01-25T10:38:54","guid":{"rendered":"http:\/\/therapiezentrum.fotosdieverzaubern.de\/?page_id=31"},"modified":"2023-07-06T10:52:36","modified_gmt":"2023-07-06T08:52:36","slug":"team","status":"publish","type":"page","link":"https:\/\/therapiezentrum-oberland.de\/?page_id=31","title":{"rendered":"Team"},"content":{"rendered":"<p><span style=\"color: #696969;\"><span style=\"font-size: 12px;\"><span style=\"font-family: verdana,geneva,sans-serif;\">Unser qualifiziertes <a href=\"https:\/\/therapiezentrum-oberland.de\/?page_id=870\" target=\"_self\" rel=\"noopener\">Team<\/a> besteht aus Physiotherapeuten und Ergotherapeuten, sowie Rezeptionsfachkr\u00e4ften. Eine Logop\u00e4die erweitert unser Angebot f\u00fcr Sie.<\/span><\/span><\/span><\/p>\n<p>Bitte klicken<br \/>\n<a href=\"https:\/\/therapiezentrum-oberland.de\/?page_id=217\" target=\"_self\" rel=\"noopener\"><strong>Kirstin Klar\u00a0<\/strong><\/a> \u00a0 \u00a0 \u00a0 \u00a0 \u00a0 \u00a0 <strong><a href=\"https:\/\/therapiezentrum-oberland.de\/?page_id=870\" target=\"_self\" rel=\"noopener\">Unsere Mitarbeiter<\/a><\/strong><\/p>\n","protected":false},"excerpt":{"rendered":"<p>Unser qualifiziertes Team besteht aus Physiotherapeuten und Ergotherapeuten, sowie Rezeptionsfachkr\u00e4ften. Eine Logop\u00e4die erweitert unser Angebot f\u00fcr Sie. Bitte klicken Kirstin Klar\u00a0 \u00a0 \u00a0 \u00a0 \u00a0 \u00a0 \u00a0 Unsere Mitarbeiter<\/p>\n","protected":false},"author":1,"featured_media":0,"parent":0,"menu_order":11,"comment_status":"closed","ping_status":"closed","template":"","meta":[],"_links":{"self":[{"href":"https:\/\/therapiezentrum-oberland.de\/index.php?rest_route=\/wp\/v2\/pages\/31"}],"collection":[{"href":"https:\/\/therapiezentrum-oberland.de\/index.php?rest_route=\/wp\/v2\/pages"}],"about":[{"href":"https:\/\/therapiezentrum-oberland.de\/index.php?rest_route=\/wp\/v2\/types\/page"}],"author":[{"embeddable":true,"href":"https:\/\/therapiezentrum-oberland.de\/index.php?rest_route=\/wp\/v2\/users\/1"}],"replies":[{"embeddable":true,"href":"https:\/\/therapiezentrum-oberland.de\/index.php?rest_route=%2Fwp%2Fv2%2Fcomments&post=31"}],"version-history":[{"count":19,"href":"https:\/\/therapiezentrum-oberland.de\/index.php?rest_route=\/wp\/v2\/pages\/31\/revisions"}],"predecessor-version":[{"id":1076,"href":"https:\/\/therapiezentrum-oberland.de\/index.php?rest_route=\/wp\/v2\/pages\/31\/revisions\/1076"}],"wp:attachment":[{"href":"https:\/\/therapiezentrum-oberland.de\/index.php?rest_route=%2Fwp%2Fv2%2Fmedia&parent=31"}],"curies":[{"name":"wp","href":"https:\/\/api.w.org\/{rel}","templated":true}]}}