{"id":27,"date":"2014-01-25T12:36:56","date_gmt":"2014-01-25T10:36:56","guid":{"rendered":"http:\/\/therapiezentrum.fotosdieverzaubern.de\/?page_id=27"},"modified":"2023-07-06T10:52:02","modified_gmt":"2023-07-06T08:52:02","slug":"kontakt","status":"publish","type":"page","link":"https:\/\/therapiezentrum-oberland.de\/?page_id=27","title":{"rendered":"Kontakt"},"content":{"rendered":"<p><strong><span style=\"color: #696969;\">Sie haben Fragen, wollen einen Patienten anmelden,\u00a0einen Kurs besuchen<br \/>\noder m\u00f6chten zus\u00e4tzliche Informationen \u00fcber unsere Angebote? <\/span><\/strong><\/p>\n<p><span style=\"font-size: 14px;\"><strong><span style=\"color: #800000;\"><span style=\"line-height: 1.6em;\">Rufen Sie uns an oder schreiben Sie uns eine <a href=\"mailto:rezeption@therapiezentrum-oberland.de\">E-Mail<\/a>.<\/span><\/span><\/strong><\/span><\/p>\n<div>\n<table style=\"border: none; font-size: 13px; margin: 0px; padding: 0px; width: 560px; color: #e5e6a5; font-family: 'Lucida Grande', Verdana, Arial, sans-serif; line-height: 18.479999542236328px; background-color: #dcceb4;\">\n<tbody>\n<tr>\n<td style=\"text-align: left; vertical-align: top;\"><span style=\"color: #800000;\"><strong>Therapiezentrum Oberland<\/strong><br \/>\nBautzener Str. 101<br \/>\n02681 Schirgiswalde-Kirschau<\/span><br \/>\n<span style=\"color: #800000;\">OT Kirschau<\/span><\/p>\n<p><span style=\"color: #800000; font-size: 18px;\">Telefon +49 (0) 3592 502 365<br \/>\n<\/span><span style=\"color: #800000;\">rezeption@therapiezentrum-oberland.de<\/span><\/td>\n<td style=\"text-align: left; vertical-align: top;\"><span style=\"font-family: 'Lucida Grande', Verdana, Arial, sans-serif; font-size: 13px; line-height: 18.479999542236328px; background-color: #dcceb4; color: #800000;\">\u200b<\/span><\/td>\n<\/tr>\n<tr>\n<td style=\"text-align: left; vertical-align: top;\"><span style=\"font-family: 'Lucida Grande', Verdana, Arial, sans-serif; background-color: #dcceb4; color: #800000;\"><strong>Logop\u00e4die<\/strong><br \/>\nBautzener Str. 101<\/span><br \/>\n<span style=\"font-family: 'Lucida Grande', Verdana, Arial, sans-serif; line-height: 18.48px; background-color: #dcceb4; color: #800000;\">02681 Schirgiswalde-Kirschau<\/span><br \/>\n<span style=\"color: #800000; font-family: 'Lucida Grande', Verdana, Arial, sans-serif; background-color: #dcceb4;\">OT Kirschau<\/span><\/td>\n<td><\/td>\n<\/tr>\n<\/tbody>\n<\/table>\n<\/div>\n","protected":false},"excerpt":{"rendered":"<p>Sie haben Fragen, wollen einen Patienten anmelden,\u00a0einen Kurs besuchen oder m\u00f6chten zus\u00e4tzliche Informationen \u00fcber unsere Angebote? Rufen Sie uns an oder schreiben Sie uns eine E-Mail. Therapiezentrum Oberland Bautzener Str. 101 02681 Schirgiswalde-Kirschau OT Kirschau Telefon +49 (0) 3592 502 365 rezeption@therapiezentrum-oberland.de \u200b Logop\u00e4die Bautzener<\/p>\n","protected":false},"author":1,"featured_media":0,"parent":0,"menu_order":9,"comment_status":"closed","ping_status":"closed","template":"","meta":[],"_links":{"self":[{"href":"https:\/\/therapiezentrum-oberland.de\/index.php?rest_route=\/wp\/v2\/pages\/27"}],"collection":[{"href":"https:\/\/therapiezentrum-oberland.de\/index.php?rest_route=\/wp\/v2\/pages"}],"about":[{"href":"https:\/\/therapiezentrum-oberland.de\/index.php?rest_route=\/wp\/v2\/types\/page"}],"author":[{"embeddable":true,"href":"https:\/\/therapiezentrum-oberland.de\/index.php?rest_route=\/wp\/v2\/users\/1"}],"replies":[{"embeddable":true,"href":"https:\/\/therapiezentrum-oberland.de\/index.php?rest_route=%2Fwp%2Fv2%2Fcomments&post=27"}],"version-history":[{"count":38,"href":"https:\/\/therapiezentrum-oberland.de\/index.php?rest_route=\/wp\/v2\/pages\/27\/revisions"}],"predecessor-version":[{"id":1075,"href":"https:\/\/therapiezentrum-oberland.de\/index.php?rest_route=\/wp\/v2\/pages\/27\/revisions\/1075"}],"wp:attachment":[{"href":"https:\/\/therapiezentrum-oberland.de\/index.php?rest_route=%2Fwp%2Fv2%2Fmedia&parent=27"}],"curies":[{"name":"wp","href":"https:\/\/api.w.org\/{rel}","templated":true}]}}