{"id":11,"date":"2014-01-24T15:12:40","date_gmt":"2014-01-24T13:12:40","guid":{"rendered":"http:\/\/therapiezentrum.fotosdieverzaubern.de\/?page_id=11"},"modified":"2026-01-14T13:49:40","modified_gmt":"2026-01-14T11:49:40","slug":"physiotherapie","status":"publish","type":"page","link":"https:\/\/therapiezentrum-oberland.de\/?page_id=11","title":{"rendered":"Physiotherapie"},"content":{"rendered":"<p><span style=\"color: #696969;\"><span style=\"font-family: verdana,geneva,sans-serif;\"><span style=\"line-height: 1.6em;\">In der Physiotherapie haben wir ein breitgef\u00e4chertes Angebot an krankengymnastischen und manualtherapeutischen Techniken \u00a0sowie der Massage und Elektrotherapie. F\u00fcr Selbstzahler sind die Behandlungen auch ohne \u00e4rztliche Verordnung m\u00f6glich. Aufgrund der Pr\u00fcfung zum Heilpraktiker auf dem Gebiet der Physiotherapie sind wir berechtigt, physiotherapeutische Diagnosen zu stellen und diese unter Ausschluss von Kontraindikationen zu behandeln.<\/span><\/span><\/span><\/p>\n<p>Bitte klicken<\/p>\n<p><a href=\"https:\/\/therapiezentrum-oberland.de\/?page_id=187\" target=\"_self\" rel=\"noopener\"><strong>Gutscheine\u00a0<\/strong><\/a>\u00a0\u00a0 \u00a0 \u00a0 \u00a0 \u00a0<strong><a href=\"https:\/\/therapiezentrum-oberland.de\/?page_id=189\" target=\"_self\" rel=\"noopener\">Preisliste <\/a>\u00a0 \u00a0 \u00a0 \u00a0<\/strong><\/p>\n<p><a href=\"http:\/\/therapiezentrum-oberland.de\/wp-content\/uploads\/2014\/01\/Physiotherapie2A1.jpg\"><img decoding=\"async\" loading=\"lazy\" class=\"alignnone size-full wp-image-357\" src=\"http:\/\/therapiezentrum-oberland.de\/wp-content\/uploads\/2014\/01\/Physiotherapie2A1.jpg\" alt=\"Physiotherapie\" width=\"550\" height=\"159\" srcset=\"https:\/\/therapiezentrum-oberland.de\/wp-content\/uploads\/2014\/01\/Physiotherapie2A1.jpg 550w, https:\/\/therapiezentrum-oberland.de\/wp-content\/uploads\/2014\/01\/Physiotherapie2A1-300x86.jpg 300w\" sizes=\"(max-width: 550px) 100vw, 550px\" \/><\/a><\/p>\n<div>\n<table style=\"font-size: 13px;\" border=\"0,5\">\n<tbody>\n<tr bgcolor=\"#660000\">\n<th style=\"text-align: left;\"><span style=\"color: #fff0f5;\">\u2022 Vojta-Therapie f\u00fcr S\u00e4uglinge, Kleinkinder und Jugendliche<\/span><\/p>\n<p><span style=\"color: #fff0f5;\">\u2022 Vojta-Therapie f\u00fcr Erwachsene<\/span><\/p>\n<p><span style=\"color: #fff0f5;\">\u2022 Bobath-Therapie f\u00fcr\u00a0<\/span><span style=\"color: #fff0f5; font-weight: bold; background-color: #660000;\">S\u00e4uglinge, Kleinkinder und Jugendliche<\/span><\/p>\n<p><span style=\"color: #fff0f5;\">\u2022 Bobath-Therapie f\u00fcr Erwachsene mit neurologischen Erkrankungen<\/span><\/p>\n<p><span style=\"color: #fff0f5;\">\u2022 PNF f\u00fcr neuromuskul\u00e4re Bewegungsbahnung<\/span><\/p>\n<p><span style=\"color: #fff0f5;\">\u2022 Manuelle Therapie<\/span><\/p>\n<p><span style=\"color: #fff0f5;\">\u2022 Mechanical diagnosis and therapy nach McKenzie<\/span><\/p>\n<p><span style=\"color: #fff0f5;\">\u00a0 (sehr gute Erfolge bei Bandscheibenproblematik)<\/span><\/p>\n<p><span style=\"color: #fff0f5;\">\u2022 Manuelle Triggerpunktbehandlung<\/span><\/p>\n<p><span style=\"color: #fff0f5;\">\u2022 Krankengymnastik<\/span><\/p>\n<p><span style=\"color: #fff0f5;\">\u2022 Ger\u00e4tegest\u00fctzte Krankengymnastik<\/span><\/p>\n<p><span style=\"color: #fff0f5;\">\u2022 Bewegungsbad ( im Solebecken der K\u00f6rse-Therme)<\/span><\/p>\n<p><span style=\"color: #fff0f5;\">\u2022 Manuelle Lymphdrainage und physikalische \u00d6demtherapie<\/span><\/p>\n<p><span style=\"color: #fff0f5;\">\u2022 Klassische Massage \/ Bindegewebsmassage<\/span><\/p>\n<p><span style=\"color: #fff0f5;\">\u2022 Zentrifugalmassage<\/span><\/p>\n<p><span style=\"color: #fff0f5;\">\u2022 Fu\u00dfreflexzonenmassage (nur Selbstzahler)<\/span><\/p>\n<p><span style=\"color: #fff0f5;\"><span style=\"font-size: 13px;\">\u2022 Ultraschall- und Elektrotherapie<\/span><\/span><\/p>\n<p><span style=\"color: #fff0f5;\"><span style=\"font-size: 13px;\">\u2022 Zwei- und Vierzellenb\u00e4der<\/span><\/span><\/p>\n<p><span style=\"color: #fff0f5;\"><span style=\"font-size: 13px;\">\u2022 Traktionsbehandlung mit MILI-TRAComputer<\/span><\/span><\/p>\n<p><span style=\"color: #fff0f5;\"><span style=\"font-size: 13px;\">\u2022 Kinesio-Tape (nur Selbstzahler)<\/span><\/span><\/th>\n<\/tr>\n<\/tbody>\n<\/table>\n<p><a href=\"http:\/\/therapiezentrum.fotosdieverzaubern.de\/wp-content\/uploads\/2014\/01\/Physiotherapie11.jpg\"><img decoding=\"async\" loading=\"lazy\" class=\"alignnone wp-image-352 size-full\" src=\"http:\/\/therapiezentrum-oberland.de\/wp-content\/uploads\/2014\/01\/Physiotherapie11.jpg\" alt=\"Physiotherapie1\" width=\"550\" height=\"452\" srcset=\"https:\/\/therapiezentrum-oberland.de\/wp-content\/uploads\/2014\/01\/Physiotherapie11.jpg 550w, https:\/\/therapiezentrum-oberland.de\/wp-content\/uploads\/2014\/01\/Physiotherapie11-300x246.jpg 300w\" sizes=\"(max-width: 550px) 100vw, 550px\" \/><\/a><\/p>\n<p>Bitte klicken<\/p>\n<p><a href=\"https:\/\/therapiezentrum-oberland.de\/?page_id=187\" target=\"_self\" rel=\"noopener\"><strong>Gutscheine\u00a0<\/strong><\/a> \u00a0 \u00a0 \u00a0 \u00a0 \u00a0<strong><a href=\"https:\/\/therapiezentrum-oberland.de\/?page_id=189\" target=\"_self\" rel=\"noopener\">Preisliste <\/a>\u00a0 \u00a0 \u00a0 \u00a0<\/strong><\/p>\n<\/div>\n","protected":false},"excerpt":{"rendered":"<p>In der Physiotherapie haben wir ein breitgef\u00e4chertes Angebot an krankengymnastischen und manualtherapeutischen Techniken \u00a0sowie der Massage und Elektrotherapie. F\u00fcr Selbstzahler sind die Behandlungen auch ohne \u00e4rztliche Verordnung m\u00f6glich. Aufgrund der Pr\u00fcfung zum Heilpraktiker auf dem Gebiet der Physiotherapie sind wir berechtigt, physiotherapeutische Diagnosen zu stellen<\/p>\n","protected":false},"author":1,"featured_media":0,"parent":0,"menu_order":2,"comment_status":"closed","ping_status":"closed","template":"","meta":[],"_links":{"self":[{"href":"https:\/\/therapiezentrum-oberland.de\/index.php?rest_route=\/wp\/v2\/pages\/11"}],"collection":[{"href":"https:\/\/therapiezentrum-oberland.de\/index.php?rest_route=\/wp\/v2\/pages"}],"about":[{"href":"https:\/\/therapiezentrum-oberland.de\/index.php?rest_route=\/wp\/v2\/types\/page"}],"author":[{"embeddable":true,"href":"https:\/\/therapiezentrum-oberland.de\/index.php?rest_route=\/wp\/v2\/users\/1"}],"replies":[{"embeddable":true,"href":"https:\/\/therapiezentrum-oberland.de\/index.php?rest_route=%2Fwp%2Fv2%2Fcomments&post=11"}],"version-history":[{"count":22,"href":"https:\/\/therapiezentrum-oberland.de\/index.php?rest_route=\/wp\/v2\/pages\/11\/revisions"}],"predecessor-version":[{"id":1205,"href":"https:\/\/therapiezentrum-oberland.de\/index.php?rest_route=\/wp\/v2\/pages\/11\/revisions\/1205"}],"wp:attachment":[{"href":"https:\/\/therapiezentrum-oberland.de\/index.php?rest_route=%2Fwp%2Fv2%2Fmedia&parent=11"}],"curies":[{"name":"wp","href":"https:\/\/api.w.org\/{rel}","templated":true}]}}